{"id":320,"date":"2019-04-20T10:42:01","date_gmt":"2019-04-20T09:42:01","guid":{"rendered":"http:\/\/t\u00f6r\u00f6kcsabafotogr\u00e1fia.hu\/?page_id=320"},"modified":"2019-04-23T12:20:16","modified_gmt":"2019-04-23T11:20:16","slug":"bemutatkozas","status":"publish","type":"page","link":"http:\/\/t\u00f6r\u00f6kcsabafotogr\u00e1fia.hu\/?page_id=320","title":{"rendered":"Bemutatkoz\u00e1s"},"content":{"rendered":"<p>[et_pb_section fb_built=&#8221;1&#8243; _builder_version=&#8221;3.22.4&#8243; custom_margin=&#8221;-50px||&#8221;][et_pb_row _builder_version=&#8221;3.22.4&#8243;][et_pb_column type=&#8221;4_4&#8243; _builder_version=&#8221;3.22.4&#8243;][et_pb_post_title meta=&#8221;off&#8221; featured_image=&#8221;off&#8221; _builder_version=&#8221;3.22.4&#8243; text_orientation=&#8221;center&#8221;][\/et_pb_post_title][\/et_pb_column][\/et_pb_row][et_pb_row _builder_version=&#8221;3.22.4&#8243;][et_pb_column type=&#8221;4_4&#8243; _builder_version=&#8221;3.22.4&#8243;][et_pb_text text_font_size=&#8221;26px&#8221; text_line_height=&#8221;1.8em&#8221; _builder_version=&#8221;3.22.4&#8243; text_font=&#8221;Clicker Script||||||||&#8221;]<\/p>\n<p><em>\u201eEgyetlen ember sem l\u00e9phet k\u00e9tszer ugyanabba a foly\u00f3ba,<br \/> <\/em><em>mert az m\u00e1r nem ugyanaz a foly\u00f3 \u00e9s \u0151 m\u00e1r nem ugyanaz az ember.&#8221;<\/em> (H\u00e9rakleitosz)<\/p>\n<p>[\/et_pb_text][\/et_pb_column][\/et_pb_row][et_pb_row _builder_version=&#8221;3.22.4&#8243;][et_pb_column type=&#8221;1_2&#8243; _builder_version=&#8221;3.22.4&#8243;][et_pb_text _builder_version=&#8221;3.22.4&#8243; text_font=&#8221;Amiko|300|||||||&#8221; text_font_size=&#8221;15px&#8221; text_line_height=&#8221;1.5em&#8221;]<\/p>\n<p style=\"text-align: justify;\">Rohan\u00f3 vil\u00e1gunkban egym\u00e1st kergetik a pillanatok, amiket sokszor szeretn\u00e9nk \u00fajb\u00f3l \u00e1t\u00e9lni.<br \/> Ma m\u00e9g technikailag lehetetlen ezt megtenni, \u00e1m a f\u00e9nyk\u00e9pek seg\u00edthetnek az esem\u00e9nyek visszaid\u00e9z\u00e9s\u00e9ben.<br \/> Egy-egy kedves eml\u00e9k, szeretteinkkel vagy bar\u00e1tainkkal \u00e1t\u00e9lt kalandok sora elevenedhet fel.<br \/> Azonban nem mindegy mik\u00e9nt van meg\u00f6r\u00f6k\u00edtve mindez. Az \u00e9letben nem sok lehet\u0151s\u00e9g ny\u00edlik \u00fajra j\u00e1tszani, itt nincsenek pr\u00f3b\u00e1k \u00e9s ism\u00e9tl\u00e9sek.<br \/> Fotogr\u00e1fusk\u00e9nt a legjobb tud\u00e1som szerint igyekszem visszaadni a val\u00f3s\u00e1got.<br \/> Portr\u00e9im k\u00e9sz\u00edt\u00e9sekor kiemelten fontos a j\u00f3 hangulat, a fot\u00f3z\u00e1s nem csak egy feladat gyors elv\u00e9gz\u00e9s\u00e9t jelenti.<br \/> Esk\u00fcv\u0151k fot\u00f3z\u00e1sakor komoly kih\u00edv\u00e1s a sokf\u00e9le \u00e9rzelem meg\u00f6r\u00f6k\u00edt\u00e9se, amire k\u00e9s\u0151bb \u00f6r\u00f6mmel lehet r\u00e1csod\u00e1lkozni.<br \/> Szabadid\u0151mben sokat s\u00e9t\u00e1lok. Nagyon szeretem P\u00e9cs soksz\u00edn\u0171s\u00e9g\u00e9t, pezsg\u0151 \u00e9let\u00e9t, vagy \u00e9ppen a sz\u0171k utc\u00e1csk\u00e1k csendes hangulat\u00e1t. A k\u00f6rnyez\u0151 vid\u00e9k sz\u00e1mtalan lehet\u0151s\u00e9get ny\u00fajt term\u00e9szetfot\u00f3s \u00e9nem kiteljes\u00edt\u00e9s\u00e9re.<\/p>\n<p>[\/et_pb_text][\/et_pb_column][et_pb_column type=&#8221;1_2&#8243; _builder_version=&#8221;3.22.4&#8243;][et_pb_image src=&#8221;http:\/\/t\u00f6r\u00f6kcsabafotogr\u00e1fia.hu\/wp-content\/uploads\/2019\/03\/14021669_1209615459091345_7398875277311410707_n.jpg&#8221; _builder_version=&#8221;3.22.4&#8243; width=&#8221;100%&#8221; max_width=&#8221;100%&#8221;][\/et_pb_image][\/et_pb_column][\/et_pb_row][\/et_pb_section]<\/p>\n","protected":false},"excerpt":{"rendered":"<p>\u201eEgyetlen ember sem l\u00e9phet k\u00e9tszer ugyanabba a foly\u00f3ba, mert az m\u00e1r nem ugyanaz a foly\u00f3 \u00e9s \u0151 m\u00e1r nem ugyanaz az ember.&#8221; (H\u00e9rakleitosz) Rohan\u00f3 vil\u00e1gunkban egym\u00e1st kergetik a pillanatok, amiket sokszor szeretn\u00e9nk \u00fajb\u00f3l \u00e1t\u00e9lni. Ma m\u00e9g technikailag lehetetlen ezt megtenni, \u00e1m a f\u00e9nyk\u00e9pek seg\u00edthetnek az esem\u00e9nyek visszaid\u00e9z\u00e9s\u00e9ben. Egy-egy kedves eml\u00e9k, szeretteinkkel vagy bar\u00e1tainkkal \u00e1t\u00e9lt kalandok [&hellip;]<\/p>\n","protected":false},"author":2,"featured_media":0,"parent":0,"menu_order":0,"comment_status":"closed","ping_status":"closed","template":"","meta":{"_et_pb_use_builder":"on","_et_pb_old_content":"","_et_gb_content_width":"","ngg_post_thumbnail":0,"footnotes":""},"aioseo_notices":[],"_links":{"self":[{"href":"http:\/\/t\u00f6r\u00f6kcsabafotogr\u00e1fia.hu\/index.php?rest_route=\/wp\/v2\/pages\/320"}],"collection":[{"href":"http:\/\/t\u00f6r\u00f6kcsabafotogr\u00e1fia.hu\/index.php?rest_route=\/wp\/v2\/pages"}],"about":[{"href":"http:\/\/t\u00f6r\u00f6kcsabafotogr\u00e1fia.hu\/index.php?rest_route=\/wp\/v2\/types\/page"}],"author":[{"embeddable":true,"href":"http:\/\/t\u00f6r\u00f6kcsabafotogr\u00e1fia.hu\/index.php?rest_route=\/wp\/v2\/users\/2"}],"replies":[{"embeddable":true,"href":"http:\/\/t\u00f6r\u00f6kcsabafotogr\u00e1fia.hu\/index.php?rest_route=%2Fwp%2Fv2%2Fcomments&post=320"}],"version-history":[{"count":6,"href":"http:\/\/t\u00f6r\u00f6kcsabafotogr\u00e1fia.hu\/index.php?rest_route=\/wp\/v2\/pages\/320\/revisions"}],"predecessor-version":[{"id":536,"href":"http:\/\/t\u00f6r\u00f6kcsabafotogr\u00e1fia.hu\/index.php?rest_route=\/wp\/v2\/pages\/320\/revisions\/536"}],"wp:attachment":[{"href":"http:\/\/t\u00f6r\u00f6kcsabafotogr\u00e1fia.hu\/index.php?rest_route=%2Fwp%2Fv2%2Fmedia&parent=320"}],"curies":[{"name":"wp","href":"https:\/\/api.w.org\/{rel}","templated":true}]}}

http://törökcsabafotográfia.hu/?page_id=320

Bemutatkozás

<p>[et_pb_section fb_built=&#8221;1&#8243; _builder_version=&#8221;3.22.4&#8243; custom_margin=&#8221;-50px||&#8221;][et_pb_row _builder_version=&#8221;3.22.4&#8243;][et_pb_column type=&#8221;4_4&#8243; _builder_version=&#8221;3.22.4&#8243;][et_pb_post_title meta=&#8221;off&#8221; featured_image=&#8221;off&#8221; _builder_version=&#8221;3.22.4&#8243; text_orientation=&#8221;center&#8221;][/et_pb_post_title][/et_pb_column][/et_pb_row][et_pb_row _builder_version=&#8221;3.22.4&#8243;][et_pb_column type=&#8221;4_4&#8243; _builder_version=&#8221;3.22.4&#8243;][et_pb_text text_font_size=&#8221;26px&#8221; text_line_height=&#8221;1.8em&#8221; _builder_version=&#8221;3.22.4&#8243; text_font=&#8221;Clicker Script||||||||&#8221;]</p>
<p><em>„Egyetlen ember sem léphet kétszer ugyanabba a folyóba,<br /> </em><em>mert az már nem ugyanaz a folyó és ő már nem ugyanaz az ember.&#8221;</em> (Hérakleitosz)</p>
<p>[/et_pb_text][/et_pb_column][/et_pb_row][et_pb_row _builder_version=&#8221;3.22.4&#8243;][et_pb_column type=&#8221;1_2&#8243; _builder_version=&#8221;3.22.4&#8243;][et_pb_text _builder_version=&#8221;3.22.4&#8243; text_font=&#8221;Amiko|300|||||||&#8221; text_font_size=&#8221;15px&#8221; text_line_height=&#8221;1.5em&#8221;]</p>
<p style="text-align: justify;">Rohanó világunkban egymást kergetik a pillanatok, amiket sokszor szeretnénk újból átélni.<br /> Ma még technikailag lehetetlen ezt megtenni, ám a fényképek segíthetnek az események visszaidézésében.<br /> Egy-egy kedves emlék, szeretteinkkel vagy barátainkkal átélt kalandok sora elevenedhet fel.<br /> Azonban nem mindegy miként van megörökítve mindez. Az életben nem sok lehetőség nyílik újra játszani, itt nincsenek próbák és ismétlések.<br /> Fotográfusként a legjobb tudásom szerint igyekszem visszaadni a valóságot.<br /> Portréim készítésekor kiemelten fontos a jó hangulat, a fotózás nem csak egy feladat gyors elvégzését jelenti.<br /> Esküvők fotózásakor komoly kihívás a sokféle érzelem megörökítése, amire később örömmel lehet rácsodálkozni.<br /> Szabadidőmben sokat sétálok. Nagyon szeretem Pécs sokszínűségét, pezsgő életét, vagy éppen a szűk utcácskák csendes hangulatát. A környező vidék számtalan lehetőséget nyújt természetfotós énem kiteljesítésére.</p>
<p>[/et_pb_text][/et_pb_column][et_pb_column type=&#8221;1_2&#8243; _builder_version=&#8221;3.22.4&#8243;][et_pb_image src=&#8221;http://törökcsabafotográfia.hu/wp-content/uploads/2019/03/14021669_1209615459091345_7398875277311410707_n.jpg&#8221; _builder_version=&#8221;3.22.4&#8243; width=&#8221;100%&#8221; max_width=&#8221;100%&#8221;][/et_pb_image][/et_pb_column][/et_pb_row][/et_pb_section]</p>

<p>„Egyetlen ember sem léphet kétszer ugyanabba a folyóba, mert az már nem ugyanaz a folyó és ő már nem ugyanaz az ember.&#8221; (Hérakleitosz) Rohanó világunkban egymást kergetik a pillanatok, amiket sokszor szeretnénk újból átélni. Ma még technikailag lehetetlen ezt megtenni, ám a fényképek segíthetnek az események visszaidézésében. Egy-egy kedves emlék, szeretteinkkel vagy barátainkkal átélt kalandok [&hellip;]</p>

http://törökcsabafotográfia.hu/index.php?rest_route=/wp/v2/pages/320

http://törökcsabafotográfia.hu/index.php?rest_route=/wp/v2/pages

http://törökcsabafotográfia.hu/index.php?rest_route=/wp/v2/types/page

http://törökcsabafotográfia.hu/index.php?rest_route=/wp/v2/users/2

http://törökcsabafotográfia.hu/index.php?rest_route=%2Fwp%2Fv2%2Fcomments&post=320

http://törökcsabafotográfia.hu/index.php?rest_route=/wp/v2/pages/320/revisions

http://törökcsabafotográfia.hu/index.php?rest_route=/wp/v2/pages/320/revisions/536

http://törökcsabafotográfia.hu/index.php?rest_route=%2Fwp%2Fv2%2Fmedia&parent=320
